{"id":4525,"date":"2026-03-10T18:30:57","date_gmt":"2026-03-10T21:30:57","guid":{"rendered":"https:\/\/davidbastos.com.br\/?post_type=projeto&#038;p=4525"},"modified":"2026-03-10T18:30:58","modified_gmt":"2026-03-10T21:30:58","slug":"terras-de-sao-jose-i-itu-ii","status":"publish","type":"projeto","link":"https:\/\/davidbastos.com.br\/en\/projeto\/terras-de-sao-jose-i-itu-ii\/","title":{"rendered":"Terras de S\u00e3o Jos\u00e9 I &#8211; It\u00fa II"},"content":{"rendered":"","protected":false},"featured_media":4529,"template":"","meta":{"_acf_changed":true},"categoria-de-projeto":[9,12],"class_list":["post-4525","projeto","type-projeto","status-publish","has-post-thumbnail","hentry","categoria-de-projeto-casas","categoria-de-projeto-casas-de-campo"],"acf":[],"aioseo_notices":[],"_links":{"self":[{"href":"https:\/\/davidbastos.com.br\/en\/wp-json\/wp\/v2\/projeto\/4525","targetHints":{"allow":["GET"]}}],"collection":[{"href":"https:\/\/davidbastos.com.br\/en\/wp-json\/wp\/v2\/projeto"}],"about":[{"href":"https:\/\/davidbastos.com.br\/en\/wp-json\/wp\/v2\/types\/projeto"}],"wp:featuredmedia":[{"embeddable":true,"href":"https:\/\/davidbastos.com.br\/en\/wp-json\/wp\/v2\/media\/4529"}],"wp:attachment":[{"href":"https:\/\/davidbastos.com.br\/en\/wp-json\/wp\/v2\/media?parent=4525"}],"wp:term":[{"taxonomy":"categoria-de-projeto","embeddable":true,"href":"https:\/\/davidbastos.com.br\/en\/wp-json\/wp\/v2\/categoria-de-projeto?post=4525"}],"curies":[{"name":"wp","href":"https:\/\/api.w.org\/{rel}","templated":true}]}}

Terras de São José I &#8211; Itú II
