{"id":4498,"date":"2026-03-09T17:13:18","date_gmt":"2026-03-09T20:13:18","guid":{"rendered":"https:\/\/davidbastos.com.br\/?post_type=projeto&#038;p=4498"},"modified":"2026-03-09T17:13:18","modified_gmt":"2026-03-09T20:13:18","slug":"the-frame-vila-nova-conceicao-areas-comuns","status":"publish","type":"projeto","link":"https:\/\/davidbastos.com.br\/en\/projeto\/the-frame-vila-nova-conceicao-areas-comuns\/","title":{"rendered":"The Frame Vila Nova Concei\u00e7\u00e3o &#8211; \u00c1reas Comuns"},"content":{"rendered":"","protected":false},"featured_media":4519,"template":"","meta":{"_acf_changed":true},"categoria-de-projeto":[20,19],"class_list":["post-4498","projeto","type-projeto","status-publish","has-post-thumbnail","hentry","categoria-de-projeto-areas-comuns","categoria-de-projeto-edificios"],"acf":[],"aioseo_notices":[],"_links":{"self":[{"href":"https:\/\/davidbastos.com.br\/en\/wp-json\/wp\/v2\/projeto\/4498","targetHints":{"allow":["GET"]}}],"collection":[{"href":"https:\/\/davidbastos.com.br\/en\/wp-json\/wp\/v2\/projeto"}],"about":[{"href":"https:\/\/davidbastos.com.br\/en\/wp-json\/wp\/v2\/types\/projeto"}],"wp:featuredmedia":[{"embeddable":true,"href":"https:\/\/davidbastos.com.br\/en\/wp-json\/wp\/v2\/media\/4519"}],"wp:attachment":[{"href":"https:\/\/davidbastos.com.br\/en\/wp-json\/wp\/v2\/media?parent=4498"}],"wp:term":[{"taxonomy":"categoria-de-projeto","embeddable":true,"href":"https:\/\/davidbastos.com.br\/en\/wp-json\/wp\/v2\/categoria-de-projeto?post=4498"}],"curies":[{"name":"wp","href":"https:\/\/api.w.org\/{rel}","templated":true}]}}

The Frame Vila Nova Conceição &#8211; Áreas Comuns
